{"id":2417,"date":"2023-09-07T16:38:41","date_gmt":"2023-09-07T14:38:41","guid":{"rendered":"https:\/\/vorlage.roeser-webseiten.de\/bhp-template-6\/?page_id=2417"},"modified":"2025-04-02T10:46:03","modified_gmt":"2025-04-02T08:46:03","slug":"ueber-uns","status":"publish","type":"page","link":"https:\/\/vorlage.roeser-webseiten.de\/bhp-template-6\/ueber-uns\/","title":{"rendered":"\u00dcber Uns"},"content":{"rendered":"<p>[et_pb_section fb_built=&#8221;1&#8243; fullwidth=&#8221;on&#8221; _builder_version=&#8221;4.21.0&#8243; background_color=&#8221;rgba(255,255,255,0)&#8221; global_colors_info=&#8221;{}&#8221;][et_pb_fullwidth_image src=&#8221;https:\/\/vorlage.roeser-webseiten.de\/bhp-template-6\/wp-content\/uploads\/sites\/21\/2023\/09\/shutterstock_1552937099.jpg&#8221; title_text=&#8221;shutterstock_1552937099&#8243; _builder_version=&#8221;4.21.0&#8243; _module_preset=&#8221;default&#8221; global_colors_info=&#8221;{}&#8221;][\/et_pb_fullwidth_image][\/et_pb_section][et_pb_section fb_built=&#8221;1&#8243; _builder_version=&#8221;4.21.0&#8243; _module_preset=&#8221;default&#8221; background_color=&#8221;RGBA(255,255,255,0)&#8221; global_colors_info=&#8221;{}&#8221;][et_pb_row _builder_version=&#8221;4.21.0&#8243; _module_preset=&#8221;default&#8221; max_width=&#8221;960px&#8221; module_alignment=&#8221;center&#8221; global_colors_info=&#8221;{}&#8221;][et_pb_column type=&#8221;4_4&#8243; _builder_version=&#8221;4.16&#8243; _module_preset=&#8221;default&#8221; global_colors_info=&#8221;{}&#8221;][et_pb_text _builder_version=&#8221;4.27.4&#8243; _module_preset=&#8221;default&#8221; text_line_height=&#8221;1.8em&#8221; header_font_size=&#8221;40px&#8221; text_orientation=&#8221;center&#8221; max_width=&#8221;720px&#8221; max_width_tablet=&#8221;720px&#8221; max_width_phone=&#8221;720px&#8221; max_width_last_edited=&#8221;on|tablet&#8221; module_alignment=&#8221;center&#8221; header_font_size_tablet=&#8221;32px&#8221; header_font_size_phone=&#8221;30px&#8221; header_font_size_last_edited=&#8221;on|phone&#8221; global_colors_info=&#8221;{}&#8221;]<\/p>\n<h1>\u00dcber uns<\/h1>\n<p><strong>Ihr Experte f\u00fcr Rolll\u00e4den, Raffstore und Markisen in Musterstadt.<\/strong><\/p>\n<p>Willkommen bei Rollladen Blickdicht \u2013 Ihrem Experten f\u00fcr Rolll\u00e4den, Rolltore, Raffstore und Markisen in Musterstadt! Seit 2012 sind wir Ihre zuverl\u00e4ssige Anlaufstelle f\u00fcr alle Belange rund um das Thema Sonnen-, Licht und Sichtschutz.<\/p>\n<p>Unser Ziel ist es, Ihnen stets die passende L\u00f6sung zu bieten, damit Sie sich in Ihren eigenen vier W\u00e4nden wohlf\u00fchlen k\u00f6nnen. Dazu geh\u00f6rt auch eine gro\u00dfe Auswahl an Rollos, Jalousien und Raffstoren sowie Markisen in unserem Gesch\u00e4ft im Industriegebiet am Mustersee.<\/p>\n<p>[\/et_pb_text][\/et_pb_column][\/et_pb_row][\/et_pb_section][et_pb_section fb_built=&#8221;1&#8243; _builder_version=&#8221;4.21.0&#8243; _module_preset=&#8221;default&#8221; background_color=&#8221;#FFFFFF&#8221; global_colors_info=&#8221;{}&#8221;][et_pb_row _builder_version=&#8221;4.24.2&#8243; _module_preset=&#8221;default&#8221; custom_padding=&#8221;0px||0px||true|false&#8221; global_colors_info=&#8221;{}&#8221;][et_pb_column type=&#8221;4_4&#8243; _builder_version=&#8221;4.17.4&#8243; _module_preset=&#8221;default&#8221; global_colors_info=&#8221;{}&#8221;][et_pb_text _builder_version=&#8221;4.27.4&#8243; _module_preset=&#8221;default&#8221; text_line_height=&#8221;1.8em&#8221; header_2_font_size=&#8221;32px&#8221; custom_padding=&#8221;||21px||false|false&#8221; header_2_font_size_tablet=&#8221;30px&#8221; header_2_font_size_phone=&#8221;26px&#8221; header_2_font_size_last_edited=&#8221;on|phone&#8221; global_colors_info=&#8221;{}&#8221;]<\/p>\n<h2>Pers\u00f6nliche Beratung<\/h2>\n<p><strong>Gemeinsam finden wir die ideale L\u00f6sung f\u00fcr Ihr Zuhause<\/strong><\/p>\n<p>[\/et_pb_text][\/et_pb_column][\/et_pb_row][et_pb_row column_structure=&#8221;1_2,1_2&#8243; use_custom_gutter=&#8221;on&#8221; make_equal=&#8221;on&#8221; _builder_version=&#8221;4.24.2&#8243; _module_preset=&#8221;default&#8221; custom_padding=&#8221;0px||||false|false&#8221; global_colors_info=&#8221;{}&#8221;][et_pb_column type=&#8221;1_2&#8243; _builder_version=&#8221;4.17.4&#8243; _module_preset=&#8221;default&#8221; global_colors_info=&#8221;{}&#8221;][et_pb_text _builder_version=&#8221;4.27.4&#8243; _module_preset=&#8221;default&#8221; text_line_height=&#8221;1.8em&#8221; global_colors_info=&#8221;{}&#8221;]<\/p>\n<p>Neben der hohen Qualit\u00e4t unserer Produkte steht bei uns auch die pers\u00f6nliche Beratung im Vordergrund. Unsere erfahrenen Mitarbeiter nehmen sich gerne Zeit f\u00fcr Sie und beraten Sie individuell und kompetent. Dabei gehen wir auf Ihre W\u00fcnsche und Bed\u00fcrfnisse ein und finden gemeinsam mit Ihnen die optimale L\u00f6sung f\u00fcr Ihr Zuhause.<br \/>\u00dcberzeugen Sie sich selbst von unserem Angebot und besuchen Sie uns in unserem Gesch\u00e4ft am Mustersee.<\/p>\n<p><strong>Wir freuen uns darauf, Sie kennenzulernen.<\/strong><\/p>\n<p>[\/et_pb_text][\/et_pb_column][et_pb_column type=&#8221;1_2&#8243; _builder_version=&#8221;4.17.4&#8243; _module_preset=&#8221;default&#8221; global_colors_info=&#8221;{}&#8221;][et_pb_image src=&#8221;https:\/\/vorlage.roeser-webseiten.de\/bhp-template-6\/wp-content\/uploads\/sites\/21\/2023\/09\/shutterstock_1949617708.jpg&#8221; title_text=&#8221;shutterstock_1949617708&#8243; _builder_version=&#8221;4.21.0&#8243; _module_preset=&#8221;default&#8221; global_colors_info=&#8221;{}&#8221;][\/et_pb_image][\/et_pb_column][\/et_pb_row][\/et_pb_section][et_pb_section fb_built=&#8221;1&#8243; _builder_version=&#8221;4.27.4&#8243; _module_preset=&#8221;default&#8221; background_color=&#8221;#3B486B&#8221; custom_padding=&#8221;0px||0px|&#8221; animation_style=&#8221;fade&#8221; global_module=&#8221;2433&#8243; saved_tabs=&#8221;all&#8221; global_colors_info=&#8221;{}&#8221;][et_pb_row module_class=&#8221;d-flex d-lg-flex&#8221; _builder_version=&#8221;4.27.4&#8243; _module_preset=&#8221;default&#8221; global_colors_info=&#8221;{}&#8221;][et_pb_column type=&#8221;4_4&#8243; _builder_version=&#8221;4.27.4&#8243; _module_preset=&#8221;default&#8221; global_colors_info=&#8221;{}&#8221;][et_pb_blurb use_icon=&#8221;on&#8221; font_icon=&#8221;&#xe090;||divi||400&#8243; icon_color=&#8221;#FFFFFF&#8221; icon_placement=&#8221;left&#8221; image_icon_width=&#8221;30px&#8221; icon_placement_tablet=&#8221;left&#8221; icon_placement_phone=&#8221;top&#8221; icon_placement_last_edited=&#8221;on|desktop&#8221; image_icon_width_tablet=&#8221;24px&#8221; image_icon_width_phone=&#8221;24px&#8221; image_icon_width_last_edited=&#8221;on|desktop&#8221; _builder_version=&#8221;4.27.4&#8243; _module_preset=&#8221;default&#8221; body_font=&#8221;|600|||||||&#8221; body_font_size=&#8221;24px&#8221; body_line_height=&#8221;1.8em&#8221; image_icon_custom_padding=&#8221;4px||||false|false&#8221; background_layout=&#8221;dark&#8221; animation=&#8221;off&#8221; body_font_size_tablet=&#8221;22px&#8221; body_font_size_phone=&#8221;21px&#8221; body_font_size_last_edited=&#8221;on|phone&#8221; text_orientation_tablet=&#8221;&#8221; text_orientation_phone=&#8221;center&#8221; text_orientation_last_edited=&#8221;on|phone&#8221; global_colors_info=&#8221;{}&#8221;]<\/p>\n<p>0721 \/ 37 19 0<\/p>\n<p>[\/et_pb_blurb][et_pb_divider color=&#8221;#FECA64&#8243; divider_position=&#8221;center&#8221; color_last_edited=&#8221;off|desktop&#8221; disabled_on=&#8221;off|on|on&#8221; _builder_version=&#8221;4.21.0&#8243; _module_preset=&#8221;default&#8221; global_colors_info=&#8221;{}&#8221;][\/et_pb_divider][et_pb_blurb use_icon=&#8221;on&#8221; font_icon=&#8221;&#xe076;||divi||400&#8243; icon_color=&#8221;#FFFFFF&#8221; icon_placement=&#8221;left&#8221; image_icon_width=&#8221;30px&#8221; icon_placement_tablet=&#8221;left&#8221; icon_placement_phone=&#8221;top&#8221; icon_placement_last_edited=&#8221;on|desktop&#8221; image_icon_width_tablet=&#8221;24px&#8221; image_icon_width_phone=&#8221;24px&#8221; image_icon_width_last_edited=&#8221;on|desktop&#8221; _builder_version=&#8221;4.21.0&#8243; _module_preset=&#8221;default&#8221; body_font=&#8221;|600|||||||&#8221; body_font_size=&#8221;24px&#8221; body_line_height=&#8221;1.8em&#8221; image_icon_custom_padding=&#8221;4px||||false|false&#8221; background_layout=&#8221;dark&#8221; animation=&#8221;off&#8221; body_font_size_tablet=&#8221;22px&#8221; body_font_size_phone=&#8221;21px&#8221; body_font_size_last_edited=&#8221;on|phone&#8221; text_orientation_tablet=&#8221;&#8221; text_orientation_phone=&#8221;center&#8221; text_orientation_last_edited=&#8221;on|phone&#8221; global_colors_info=&#8221;{}&#8221;]info@roeser-medienhaus.de[\/et_pb_blurb][\/et_pb_column][\/et_pb_row][\/et_pb_section]<\/p>\n","protected":false},"excerpt":{"rendered":"<p>\u00dcber uns Ihr Experte f\u00fcr Rolll\u00e4den, Raffstore und Markisen in Musterstadt. Willkommen bei Rollladen Blickdicht \u2013 Ihrem Experten f\u00fcr Rolll\u00e4den, Rolltore, Raffstore und Markisen in Musterstadt! Seit 2012 sind wir Ihre zuverl\u00e4ssige Anlaufstelle f\u00fcr alle Belange rund um das Thema Sonnen-, Licht und Sichtschutz. Unser Ziel ist es, Ihnen stets die passende L\u00f6sung zu bieten, damit Sie sich in Ihren eigenen vier W\u00e4nden wohlf\u00fchlen k\u00f6nnen. Dazu geh\u00f6rt auch eine gro\u00dfe Auswahl an Rollos, Jalousien und Raffstoren sowie Markisen in unserem Gesch\u00e4ft im Industriegebiet am Mustersee.Pers\u00f6nliche Beratung Gemeinsam finden wir die ideale L\u00f6sung f\u00fcr Ihr ZuhauseNeben der hohen Qualit\u00e4t unserer Produkte steht bei uns auch die pers\u00f6nliche Beratung im Vordergrund. Unsere erfahrenen Mitarbeiter nehmen sich gerne Zeit f\u00fcr Sie und beraten Sie individuell und kompetent. Dabei gehen wir auf Ihre W\u00fcnsche und Bed\u00fcrfnisse ein und finden gemeinsam mit Ihnen die optimale L\u00f6sung f\u00fcr Ihr Zuhause.\u00dcberzeugen Sie sich selbst von unserem Angebot und besuchen Sie uns in unserem Gesch\u00e4ft am Mustersee. Wir freuen uns darauf, Sie kennenzulernen.0721 \/ 37 19 0info@roeser-medienhaus.de<\/p>\n","protected":false},"author":2,"featured_media":0,"parent":0,"menu_order":0,"comment_status":"closed","ping_status":"closed","template":"","meta":{"_et_pb_use_builder":"on","_et_pb_old_content":"","_et_gb_content_width":"","footnotes":""},"class_list":["post-2417","page","type-page","status-publish","hentry"],"aioseo_notices":[],"_links":{"self":[{"href":"https:\/\/vorlage.roeser-webseiten.de\/bhp-template-6\/wp-json\/wp\/v2\/pages\/2417","targetHints":{"allow":["GET"]}}],"collection":[{"href":"https:\/\/vorlage.roeser-webseiten.de\/bhp-template-6\/wp-json\/wp\/v2\/pages"}],"about":[{"href":"https:\/\/vorlage.roeser-webseiten.de\/bhp-template-6\/wp-json\/wp\/v2\/types\/page"}],"author":[{"embeddable":true,"href":"https:\/\/vorlage.roeser-webseiten.de\/bhp-template-6\/wp-json\/wp\/v2\/users\/2"}],"replies":[{"embeddable":true,"href":"https:\/\/vorlage.roeser-webseiten.de\/bhp-template-6\/wp-json\/wp\/v2\/comments?post=2417"}],"version-history":[{"count":5,"href":"https:\/\/vorlage.roeser-webseiten.de\/bhp-template-6\/wp-json\/wp\/v2\/pages\/2417\/revisions"}],"predecessor-version":[{"id":2607,"href":"https:\/\/vorlage.roeser-webseiten.de\/bhp-template-6\/wp-json\/wp\/v2\/pages\/2417\/revisions\/2607"}],"wp:attachment":[{"href":"https:\/\/vorlage.roeser-webseiten.de\/bhp-template-6\/wp-json\/wp\/v2\/media?parent=2417"}],"curies":[{"name":"wp","href":"https:\/\/api.w.org\/{rel}","templated":true}]}}