{"id":219,"date":"2023-04-28T15:04:33","date_gmt":"2023-04-28T13:04:33","guid":{"rendered":"https:\/\/2.roeser-webseiten.de\/bestattungen-hartfelder\/?page_id=219"},"modified":"2025-04-01T14:04:30","modified_gmt":"2025-04-01T12:04:30","slug":"bestattungen","status":"publish","type":"page","link":"https:\/\/vorlage.roeser-webseiten.de\/bhp-template-5\/unsere-leistungen\/bestattungen\/","title":{"rendered":"Bestattungen"},"content":{"rendered":"<p>[et_pb_section fb_built=&#8221;1&#8243; fullwidth=&#8221;on&#8221; _builder_version=&#8221;4.19.0&#8243; _module_preset=&#8221;default&#8221; global_colors_info=&#8221;{}&#8221;][et_pb_fullwidth_image src=&#8221;https:\/\/vorlage.roeser-webseiten.de\/bhp-template-5\/wp-content\/uploads\/sites\/20\/2023\/09\/shutterstock_2170359785.jpg&#8221; alt=&#8221;2 Rosen auf einem Grabstein&#8221; title_text=&#8221;shutterstock_2170359785&#8243; src_tablet=&#8221;https:\/\/vorlage.roeser-webseiten.de\/bhp-template-5\/wp-content\/uploads\/sites\/20\/2023\/06\/rose-auf-grabstein-1.jpg&#8221; src_phone=&#8221;https:\/\/vorlage.roeser-webseiten.de\/bhp-template-5\/wp-content\/uploads\/sites\/20\/2023\/06\/rose-auf-grabstein-1.jpg&#8221; src_last_edited=&#8221;off|desktop&#8221; _builder_version=&#8221;4.21.0&#8243; _module_preset=&#8221;default&#8221; global_colors_info=&#8221;{}&#8221;][\/et_pb_fullwidth_image][\/et_pb_section][et_pb_section fb_built=&#8221;1&#8243; admin_label=&#8221;Einleitung&#8221; _builder_version=&#8221;4.27.4&#8243; _module_preset=&#8221;default&#8221; custom_padding=&#8221;||||false|false&#8221; bottom_divider_style=&#8221;wave2&#8243; bottom_divider_color=&#8221;#F6F2F3&#8243; bottom_divider_height=&#8221;40px&#8221; global_colors_info=&#8221;{}&#8221;][et_pb_row _builder_version=&#8221;4.19.0&#8243; _module_preset=&#8221;default&#8221; global_colors_info=&#8221;{}&#8221;][et_pb_column type=&#8221;4_4&#8243; _builder_version=&#8221;4.19.0&#8243; _module_preset=&#8221;default&#8221; global_colors_info=&#8221;{}&#8221;][et_pb_text _builder_version=&#8221;4.27.4&#8243; _module_preset=&#8221;default&#8221; text_line_height=&#8221;1.6em&#8221; header_2_font_size=&#8221;32px&#8221; header_2_line_height=&#8221;1.4em&#8221; text_orientation=&#8221;center&#8221; max_width=&#8221;720px&#8221; max_width_tablet=&#8221;720px&#8221; max_width_phone=&#8221;720px&#8221; max_width_last_edited=&#8221;on|desktop&#8221; module_alignment=&#8221;center&#8221; hover_enabled=&#8221;0&#8243; header_2_font_size_tablet=&#8221;30px&#8221; header_2_font_size_phone=&#8221;26px&#8221; header_2_font_size_last_edited=&#8221;on|phone&#8221; text_orientation_tablet=&#8221;center&#8221; text_orientation_phone=&#8221;left&#8221; text_orientation_last_edited=&#8221;on|phone&#8221; global_colors_info=&#8221;{}&#8221; header_font_size=&#8221;36px&#8221; header_font_size_last_edited=&#8221;on|phone&#8221; sticky_enabled=&#8221;0&#8243; header_font_size_tablet=&#8221;32px&#8221; header_font_size_phone=&#8221;30px&#8221;]<\/p>\n<h1>Beisetzungen nach Ihren W\u00fcnschen<\/h1>\n<p><strong>Individuell und einf\u00fchlsam begleitet.<\/strong><\/p>\n<p>Unser Leistungsangebot umfasst eine Vielzahl an Beisetzungsarten, die wir auf Ihre pers\u00f6nlichen W\u00fcnsche abstimmen. Ob Sie sich f\u00fcr eine traditionelle Trauerfeier oder doch eher f\u00fcr eine anonyme Bestattung entscheiden \u2013 unser erfahrenes Team unterst\u00fctzt und ber\u00e4t Sie gerne bei der Umsetzung Ihrer Vorstellungen.<\/p>\n<p>[\/et_pb_text][\/et_pb_column][\/et_pb_row][\/et_pb_section][et_pb_section fb_built=&#8221;1&#8243; admin_label=&#8221;Leistung 1&#8243; _builder_version=&#8221;4.27.4&#8243; _module_preset=&#8221;default&#8221; background_color=&#8221;#F6F2F3&#8243; custom_padding=&#8221;||||false|false&#8221; global_colors_info=&#8221;{}&#8221;][et_pb_row column_structure=&#8221;1_2,1_2&#8243; use_custom_gutter=&#8221;on&#8221; make_equal=&#8221;on&#8221; custom_padding_last_edited=&#8221;off|desktop&#8221; _builder_version=&#8221;4.21.0&#8243; _module_preset=&#8221;default&#8221; width_phone=&#8221;90%&#8221; width_last_edited=&#8221;off|desktop&#8221; module_alignment=&#8221;center&#8221; custom_padding_tablet=&#8221;||0px||false|false&#8221; custom_padding_phone=&#8221;||0px||false|false&#8221; custom_css_main_element=&#8221;display:flex;||flex-direction:row;||justify-content:space-between;&#8221; global_colors_info=&#8221;{}&#8221; custom_css_main_element_last_edited=&#8221;on|tablet&#8221; custom_css_main_element_phone=&#8221;display:block;&#8221; custom_css_main_element_tablet=&#8221;display:block;&#8221;][et_pb_column type=&#8221;1_2&#8243; _builder_version=&#8221;4.21.0&#8243; _module_preset=&#8221;default&#8221; custom_padding=&#8221;|28px|||false|false&#8221; custom_padding_tablet=&#8221;|0px|||false|false&#8221; custom_padding_phone=&#8221;|0px|||false|false&#8221; custom_padding_last_edited=&#8221;on|desktop&#8221; custom_css_main_element=&#8221;width: 48.5%;||margin-right: 3%;||margin-bottom:0;&#8221; global_colors_info=&#8221;{}&#8221; custom_css_main_element_last_edited=&#8221;on|tablet&#8221; custom_css_main_element_phone=&#8221;width:100%;||margin: 0% auto 30px;&#8221; custom_css_main_element_tablet=&#8221;width:100%;||margin: 0% auto 30px;&#8221;][et_pb_text _builder_version=&#8221;4.27.4&#8243; _module_preset=&#8221;default&#8221; text_line_height=&#8221;1.6em&#8221; header_2_font_size=&#8221;32px&#8221; header_2_line_height=&#8221;1.4em&#8221; width_tablet=&#8221;100%&#8221; width_phone=&#8221;100%&#8221; width_last_edited=&#8221;off|tablet&#8221; height=&#8221;100%&#8221; custom_padding_tablet=&#8221;74px|21px|28px|21px|false|true&#8221; custom_padding_phone=&#8221;54px||21px||false|true&#8221; custom_padding_last_edited=&#8221;off|desktop&#8221; header_2_font_size_tablet=&#8221;30px&#8221; header_2_font_size_phone=&#8221;26px&#8221; header_2_font_size_last_edited=&#8221;on|phone&#8221; global_colors_info=&#8221;{}&#8221;]<\/p>\n<h2>Erdbestattungen<\/h2>\n<p>Die traditionelle Erdbestattung ist nach wie vor am weitesten verbreitet. Bei dieser Beisetzungsart wird der Verstorbene im Sarg auf dem Friedhof zur letzten Ruhe gebettet. Die Grabst\u00e4tte kann f\u00fcr eine bestimmte Zeit erworben werden, in den meisten F\u00e4llen betr\u00e4gt diese etwa 20 bis 25 Jahre.<br \/>Es gibt verschiedene Arten von Gr\u00e4bern, darunter Wahl-, Familien- sowie Rasengr\u00e4ber, in denen ein Erd-Begr\u00e4bnis abgehalten werden kann.<\/p>\n<p>[\/et_pb_text][\/et_pb_column][et_pb_column type=&#8221;1_2&#8243; _builder_version=&#8221;4.21.0&#8243; _module_preset=&#8221;default&#8221; background_enable_image_tablet=&#8221;off&#8221; custom_css_main_element=&#8221;width: 48.5%;||margin-right: 0%;||margin-bottom:0;&#8221; global_colors_info=&#8221;{}&#8221; custom_css_main_element_last_edited=&#8221;on|tablet&#8221; custom_css_main_element_phone=&#8221;width:100%;||margin:0 auto;&#8221; custom_css_main_element_tablet=&#8221;width:100%;||margin:0 auto;&#8221;][et_pb_image src=&#8221;https:\/\/vorlage.roeser-webseiten.de\/bhp-template-5\/wp-content\/uploads\/sites\/20\/2023\/09\/shutterstock_763141195.jpg&#8221; alt=&#8221;Sarg mit wei\u00dfen Rosen und Lilien geschm\u00fcckt&#8221; title_text=&#8221;shutterstock_763141195&#8243; disabled_on=&#8221;off|off|off&#8221; _builder_version=&#8221;4.21.0&#8243; _module_preset=&#8221;default&#8221; global_colors_info=&#8221;{}&#8221;][\/et_pb_image][\/et_pb_column][\/et_pb_row][\/et_pb_section][et_pb_section fb_built=&#8221;1&#8243; admin_label=&#8221;Leistung 2&#8243; _builder_version=&#8221;4.27.4&#8243; _module_preset=&#8221;default&#8221; custom_padding=&#8221;||||false|false&#8221; hover_enabled=&#8221;0&#8243; global_colors_info=&#8221;{}&#8221; bottom_divider_style=&#8221;wave2&#8243; bottom_divider_color=&#8221;#F6F2F3&#8243; bottom_divider_height=&#8221;40px&#8221; sticky_enabled=&#8221;0&#8243;][et_pb_row column_structure=&#8221;1_2,1_2&#8243; use_custom_gutter=&#8221;on&#8221; make_equal=&#8221;on&#8221; module_class=&#8221;swap-on-mobile&#8221; _builder_version=&#8221;4.21.0&#8243; _module_preset=&#8221;default&#8221; module_alignment=&#8221;center&#8221; custom_css_main_element=&#8221;display:flex;||flex-direction:row;||justify-content:space-between;&#8221; global_colors_info=&#8221;{}&#8221; custom_css_main_element_last_edited=&#8221;on|tablet&#8221; custom_css_main_element_phone=&#8221;display:block;&#8221; custom_css_main_element_tablet=&#8221;display:block;&#8221;][et_pb_column type=&#8221;1_2&#8243; _builder_version=&#8221;4.21.0&#8243; _module_preset=&#8221;default&#8221; custom_padding=&#8221;|28px|||false|false&#8221; custom_padding_tablet=&#8221;|0px|||false|false&#8221; custom_padding_phone=&#8221;|0px|||false|false&#8221; custom_padding_last_edited=&#8221;on|tablet&#8221; custom_css_main_element=&#8221;width: 48.5%;||margin-right: 3%;||margin-bottom:0;&#8221; global_colors_info=&#8221;{}&#8221; custom_css_main_element_last_edited=&#8221;on|tablet&#8221; custom_css_main_element_phone=&#8221;width:100%;||margin: 0% auto 30px;&#8221; custom_css_main_element_tablet=&#8221;width:100%;||margin: 0% auto 30px;&#8221;][et_pb_image src=&#8221;https:\/\/vorlage.roeser-webseiten.de\/bhp-template-5\/wp-content\/uploads\/sites\/20\/2023\/09\/shutterstock_1301455684.jpg&#8221; alt=&#8221;Urne mit Rosen&#8221; title_text=&#8221;shutterstock_1301455684&#8243; disabled_on=&#8221;off|off|off&#8221; _builder_version=&#8221;4.21.0&#8243; _module_preset=&#8221;default&#8221; global_colors_info=&#8221;{}&#8221;][\/et_pb_image][\/et_pb_column][et_pb_column type=&#8221;1_2&#8243; _builder_version=&#8221;4.21.0&#8243; _module_preset=&#8221;default&#8221; background_enable_image_tablet=&#8221;off&#8221; custom_css_main_element=&#8221;width: 48.5%;||margin-right: 0%;||margin-bottom:0;&#8221; global_colors_info=&#8221;{}&#8221; custom_css_main_element_last_edited=&#8221;on|tablet&#8221; custom_css_main_element_phone=&#8221;width:100%;||margin:0 auto;&#8221; custom_css_main_element_tablet=&#8221;width:100%;||margin:0 auto;&#8221;][et_pb_text _builder_version=&#8221;4.27.4&#8243; _module_preset=&#8221;default&#8221; text_line_height=&#8221;1.6em&#8221; header_2_font_size=&#8221;32px&#8221; header_2_line_height=&#8221;1.4em&#8221; height=&#8221;100%&#8221; header_2_font_size_tablet=&#8221;30px&#8221; header_2_font_size_phone=&#8221;26px&#8221; header_2_font_size_last_edited=&#8221;on|phone&#8221; global_colors_info=&#8221;{}&#8221;]<\/p>\n<h2>Feuerbestattungen<\/h2>\n<p>Bei einer Feuerbestattung wird der Verstorbene einge\u00e4schert und die Asche anschlie\u00dfend in einer von Ihnen ausgew\u00e4hlten Schmuckurne beigesetzt. Je nach Wunsch stehen unterschiedliche M\u00f6glichkeiten zur Verf\u00fcgung, wie zum Beispiel ein Urnengrab auf dem Friedhof, eine Wand f\u00fcr Urnen oder auch ein Themenpark nur mit Urnenbeisetzungen.<\/p>\n<p>Ebenso k\u00f6nnen Sie sich f\u00fcr eine anonyme Beisetzung entscheiden oder aber gemeinsam mit anderen Angeh\u00f6rigen einen Gedenkstein setzen lassen. Bei all diesen Optionen werden Ihre individuellen Vorstellungen ber\u00fccksichtigt und umgesetzt.<\/p>\n<p>[\/et_pb_text][\/et_pb_column][\/et_pb_row][\/et_pb_section][et_pb_section fb_built=&#8221;1&#8243; admin_label=&#8221;Leistung 3&#8243; _builder_version=&#8221;4.27.4&#8243; _module_preset=&#8221;default&#8221; background_color=&#8221;#F6F2F3&#8243; custom_padding=&#8221;||||false|false&#8221; hover_enabled=&#8221;0&#8243; global_colors_info=&#8221;{}&#8221; sticky_enabled=&#8221;0&#8243;][et_pb_row column_structure=&#8221;1_2,1_2&#8243; use_custom_gutter=&#8221;on&#8221; make_equal=&#8221;on&#8221; _builder_version=&#8221;4.21.0&#8243; _module_preset=&#8221;default&#8221; module_alignment=&#8221;center&#8221; custom_css_main_element=&#8221;display:flex;||flex-direction:row;||justify-content:space-between;&#8221; global_colors_info=&#8221;{}&#8221; custom_css_main_element_last_edited=&#8221;on|tablet&#8221; custom_css_main_element_phone=&#8221;display:block;&#8221; custom_css_main_element_tablet=&#8221;display:block;&#8221;][et_pb_column type=&#8221;1_2&#8243; _builder_version=&#8221;4.21.0&#8243; _module_preset=&#8221;default&#8221; custom_padding=&#8221;|28px|||false|false&#8221; custom_padding_tablet=&#8221;|0px|||false|false&#8221; custom_padding_phone=&#8221;|0px|||false|false&#8221; custom_padding_last_edited=&#8221;on|tablet&#8221; custom_css_main_element=&#8221;width: 48.5%;||margin-right: 3%;||margin-bottom:0;&#8221; global_colors_info=&#8221;{}&#8221; custom_css_main_element_last_edited=&#8221;on|tablet&#8221; custom_css_main_element_phone=&#8221;width:100%;||margin: 0% auto 30px;&#8221; custom_css_main_element_tablet=&#8221;width:100%;||margin: 0% auto 30px;&#8221;][et_pb_text module_class=&#8221;h3-handwriting&#8221; _builder_version=&#8221;4.27.4&#8243; _module_preset=&#8221;default&#8221; text_line_height=&#8221;1.6em&#8221; header_2_font_size=&#8221;32px&#8221; header_2_line_height=&#8221;1.4em&#8221; height=&#8221;100%&#8221; header_2_font_size_tablet=&#8221;30px&#8221; header_2_font_size_phone=&#8221;26px&#8221; header_2_font_size_last_edited=&#8221;on|phone&#8221; global_colors_info=&#8221;{}&#8221;]<\/p>\n<h2>Seebestattung<\/h2>\n<p>Bei einer Seebestattung wird die Asche des Verstorbenen in eine wasserl\u00f6sliche Urne aus Zellulose, Sand- oder Salzstein gegeben und dem Meer \u00fcberlassen. Dies geschieht an ausgewiesenen Gebieten der Weltmeere. Vorab muss der Verstorbene einge\u00e4schert werden, da nur die Asche zur See bestattet werden darf.<\/p>\n<p>Die Beisetzung erfolgt meist von eigens daf\u00fcr ausger\u00fcsteten Schiffen aus und Angeh\u00f6rige k\u00f6nnen dabei sein &#8211; wir k\u00fcmmern uns um die notwendigen Abstimmungen mit der Reederei.<\/p>\n<p>[\/et_pb_text][\/et_pb_column][et_pb_column type=&#8221;1_2&#8243; _builder_version=&#8221;4.21.0&#8243; _module_preset=&#8221;default&#8221; background_last_edited=&#8221;off|desktop&#8221; background_enable_image_tablet=&#8221;off&#8221; custom_css_main_element=&#8221;width: 48.5%;||margin-right: 0%;||margin-bottom:0;&#8221; global_colors_info=&#8221;{}&#8221; custom_css_main_element_last_edited=&#8221;on|tablet&#8221; custom_css_main_element_phone=&#8221;width:100%;||margin:0 auto;&#8221; custom_css_main_element_tablet=&#8221;width:100%;||margin:0 auto;&#8221;][et_pb_image src=&#8221;https:\/\/vorlage.roeser-webseiten.de\/bhp-template-5\/wp-content\/uploads\/sites\/20\/2023\/09\/seebestattung.jpg&#8221; alt=&#8221;Urne mit Tannen\/Rosenkranz auf einem Schiff&#8221; title_text=&#8221;seebestattung&#8221; disabled_on=&#8221;off|off|off&#8221; _builder_version=&#8221;4.21.0&#8243; _module_preset=&#8221;default&#8221; global_colors_info=&#8221;{}&#8221;][\/et_pb_image][\/et_pb_column][\/et_pb_row][\/et_pb_section][et_pb_section fb_built=&#8221;1&#8243; admin_label=&#8221;Leistung 4&#8243; _builder_version=&#8221;4.24.2&#8243; _module_preset=&#8221;default&#8221; custom_padding=&#8221;||||false|false&#8221; global_colors_info=&#8221;{}&#8221;][et_pb_row column_structure=&#8221;1_2,1_2&#8243; use_custom_gutter=&#8221;on&#8221; make_equal=&#8221;on&#8221; module_class=&#8221;swap-on-mobile&#8221; _builder_version=&#8221;4.21.0&#8243; _module_preset=&#8221;default&#8221; module_alignment=&#8221;center&#8221; custom_css_main_element=&#8221;display:flex;||flex-direction:row;||justify-content:space-between;&#8221; global_colors_info=&#8221;{}&#8221; custom_css_main_element_last_edited=&#8221;on|tablet&#8221; custom_css_main_element_phone=&#8221;display:block;&#8221; custom_css_main_element_tablet=&#8221;display:block;&#8221;][et_pb_column type=&#8221;1_2&#8243; _builder_version=&#8221;4.21.0&#8243; _module_preset=&#8221;default&#8221; background_enable_image=&#8221;off&#8221; custom_padding=&#8221;|28px|||false|false&#8221; custom_padding_tablet=&#8221;|0px|||false|false&#8221; custom_padding_phone=&#8221;|0px|||false|false&#8221; custom_padding_last_edited=&#8221;on|tablet&#8221; custom_css_main_element=&#8221;width: 48.5%;||margin-right: 3%;||margin-bottom:0;&#8221; global_colors_info=&#8221;{}&#8221; custom_css_main_element_last_edited=&#8221;on|tablet&#8221; custom_css_main_element_phone=&#8221;width:100%;||margin: 0% auto 30px;&#8221; custom_css_main_element_tablet=&#8221;width:100%;||margin: 0% auto 30px;&#8221;][et_pb_image src=&#8221;https:\/\/vorlage.roeser-webseiten.de\/bhp-template-5\/wp-content\/uploads\/sites\/20\/2023\/09\/waldfriedhof.jpg&#8221; alt=&#8221;Herzen aus Holz und Stein an einem bemoosten Baumstamm&#8221; title_text=&#8221;waldfriedhof&#8221; disabled_on=&#8221;off|off|off&#8221; _builder_version=&#8221;4.21.0&#8243; _module_preset=&#8221;default&#8221; global_colors_info=&#8221;{}&#8221;][\/et_pb_image][\/et_pb_column][et_pb_column type=&#8221;1_2&#8243; _builder_version=&#8221;4.21.0&#8243; _module_preset=&#8221;default&#8221; background_enable_image_tablet=&#8221;off&#8221; custom_css_main_element=&#8221;width: 48.5%;||margin-right: 0%;||margin-bottom:0;&#8221; global_colors_info=&#8221;{}&#8221; custom_css_main_element_last_edited=&#8221;on|tablet&#8221; custom_css_main_element_phone=&#8221;width:100%;||margin:0 auto;&#8221; custom_css_main_element_tablet=&#8221;width:100%;||margin:0 auto;&#8221;][et_pb_text module_class=&#8221;h3-handwriting&#8221; _builder_version=&#8221;4.27.4&#8243; _module_preset=&#8221;default&#8221; text_line_height=&#8221;1.6em&#8221; header_2_font_size=&#8221;32px&#8221; header_2_line_height=&#8221;1.4em&#8221; height=&#8221;100%&#8221; header_2_font_size_tablet=&#8221;30px&#8221; header_2_font_size_phone=&#8221;26px&#8221; header_2_font_size_last_edited=&#8221;on|phone&#8221; global_colors_info=&#8221;{}&#8221;]<\/p>\n<h2>Baumbestattung<\/h2>\n<p>Die Baumbeisetzung stellt eine Alternative zu den herk\u00f6mmlichen Bestattungsarten dar. Nach der Kremation wird die Asche in einer Urne aus Zellulose im Wurzelbereich eines Baumes bestattet. Die Ruhest\u00e4tte fungiert als Ort des Gedenkens und der Trauer, welcher von Hinterbliebenen nicht instand gehalten werden muss, jedoch jederzeit besucht werden kann.<\/p>\n<p>[\/et_pb_text][\/et_pb_column][\/et_pb_row][\/et_pb_section][et_pb_section fb_built=&#8221;1&#8243; _builder_version=&#8221;4.27.4&#8243; _module_preset=&#8221;default&#8221; background_color=&#8221;#4A4E69&#8243; use_background_color_gradient=&#8221;on&#8221; background_color_gradient_stops=&#8221;rgba(74,78,105,0.82) 0%|rgba(34,34,59,0.8) 100%&#8221; background_color_gradient_overlays_image=&#8221;on&#8221; background_image=&#8221;https:\/\/vorlage.roeser-webseiten.de\/bhp-template-5\/wp-content\/uploads\/sites\/20\/2023\/06\/weisse-rosen.jpg&#8221; background_position=&#8221;center_right&#8221; background_color_tablet=&#8221;#292F3A&#8221; background_color_phone=&#8221;#4A4E69&#8243; background_last_edited=&#8221;on|tablet&#8221; background_enable_color_tablet=&#8221;on&#8221; background_enable_color_phone=&#8221;on&#8221; use_background_color_gradient_phone=&#8221;on&#8221; background_color_gradient_stops_phone=&#8221;rgba(74,78,105,0.78) 0%|rgba(34,34,59,0.74) 100%&#8221; parallax_tablet=&#8221;off&#8221; background_size_tablet=&#8221;cover&#8221; background_position_tablet=&#8221;bottom_right&#8221; background_horizontal_offset_phone=&#8221;15%&#8221; locked=&#8221;off&#8221; global_colors_info=&#8221;{}&#8221;][et_pb_row _builder_version=&#8221;4.19.0&#8243; _module_preset=&#8221;default&#8221; global_colors_info=&#8221;{}&#8221;][et_pb_column type=&#8221;4_4&#8243; _builder_version=&#8221;4.19.0&#8243; _module_preset=&#8221;default&#8221; global_colors_info=&#8221;{}&#8221;][et_pb_cta title=&#8221;Wir unterst\u00fctzen Sie.&#8221; button_url=&#8221;@ET-DC@eyJkeW5hbWljIjp0cnVlLCJjb250ZW50IjoicG9zdF9saW5rX3VybF9wYWdlIiwic2V0dGluZ3MiOnsicG9zdF9pZCI6IjEwNiJ9fQ==@&#8221; button_text=&#8221;Lassen Sie uns Ihnen helfen.&#8221; _builder_version=&#8221;4.27.4&#8243; _dynamic_attributes=&#8221;button_url&#8221; _module_preset=&#8221;default&#8221; header_level=&#8221;h4&#8243; header_font_size=&#8221;30px&#8221; header_line_height=&#8221;1.6em&#8221; body_line_height=&#8221;1.8em&#8221; background_color=&#8221;RGBA(255,255,255,0)&#8221; custom_button=&#8221;on&#8221; button_text_size=&#8221;17px&#8221; button_text_color=&#8221;#FFFFFF&#8221; button_bg_color=&#8221;#4A4E69&#8243; button_border_color=&#8221;#F2E9E4&#8243; button_use_icon=&#8221;off&#8221; max_width=&#8221;720px&#8221; max_width_tablet=&#8221;720px&#8221; max_width_phone=&#8221;720px&#8221; max_width_last_edited=&#8221;on|tablet&#8221; module_alignment=&#8221;center&#8221; custom_padding=&#8221;|0px||0px|false|true&#8221; header_font_size_tablet=&#8221;26px&#8221; header_font_size_phone=&#8221;24px&#8221; header_font_size_last_edited=&#8221;on|phone&#8221; text_shadow_style=&#8221;preset3&#8243; text_shadow_blur_strength=&#8221;0.23em&#8221; text_shadow_color=&#8221;#22223B&#8221; global_colors_info=&#8221;{}&#8221; button_border_color__hover=&#8221;#CFAC8C&#8221; button_border_color__hover_enabled=&#8221;on|hover&#8221; button_bg_color__hover_enabled=&#8221;on|hover&#8221; button_bg_color__hover=&#8221;#F6F2F3&#8243; button_bg_enable_color__hover=&#8221;on&#8221; button_text_color__hover_enabled=&#8221;on|desktop&#8221; button_text_color__hover=&#8221;#22223B&#8221;]<\/p>\n<p>In dieser schwierigen Zeit m\u00f6chten wir Ihnen zur Seite stehen und gemeinsam mit Ihnen einen einzigartigen Abschied gestalten, der dem\/r Verstorbenen gerecht wird.<\/p>\n<p>Unsere Trauerbegleiter\/innen und -begleiter\/innen beraten Sie gerne bei der Planung Ihrer Beisetzung.<\/p>\n<p>[\/et_pb_cta][\/et_pb_column][\/et_pb_row][\/et_pb_section]<\/p>\n","protected":false},"excerpt":{"rendered":"<p>Beisetzungen nach Ihren W\u00fcnschen Individuell und einf\u00fchlsam begleitet. Unser Leistungsangebot umfasst eine Vielzahl an Beisetzungsarten, die wir auf Ihre pers\u00f6nlichen W\u00fcnsche abstimmen. Ob Sie sich f\u00fcr eine traditionelle Trauerfeier oder doch eher f\u00fcr eine anonyme Bestattung entscheiden \u2013 unser erfahrenes Team unterst\u00fctzt und ber\u00e4t Sie gerne bei der Umsetzung Ihrer Vorstellungen.Erdbestattungen Die traditionelle Erdbestattung ist nach wie vor am weitesten verbreitet. Bei dieser Beisetzungsart wird der Verstorbene im Sarg auf dem Friedhof zur letzten Ruhe gebettet. Die Grabst\u00e4tte kann f\u00fcr eine bestimmte Zeit erworben werden, in den meisten F\u00e4llen betr\u00e4gt diese etwa 20 bis 25 Jahre.Es gibt verschiedene Arten von Gr\u00e4bern, darunter Wahl-, Familien- sowie Rasengr\u00e4ber, in denen ein Erd-Begr\u00e4bnis abgehalten werden kann.Feuerbestattungen Bei einer Feuerbestattung wird der Verstorbene einge\u00e4schert und die Asche anschlie\u00dfend in einer von Ihnen ausgew\u00e4hlten Schmuckurne beigesetzt. Je nach Wunsch stehen unterschiedliche M\u00f6glichkeiten zur Verf\u00fcgung, wie zum Beispiel ein Urnengrab auf dem Friedhof, eine Wand f\u00fcr Urnen oder auch ein Themenpark nur mit Urnenbeisetzungen. Ebenso k\u00f6nnen Sie sich f\u00fcr eine anonyme Beisetzung entscheiden oder aber gemeinsam mit anderen Angeh\u00f6rigen einen Gedenkstein setzen lassen. Bei all diesen Optionen werden Ihre individuellen Vorstellungen ber\u00fccksichtigt und umgesetzt.Seebestattung Bei einer Seebestattung wird die Asche des Verstorbenen in eine wasserl\u00f6sliche Urne aus Zellulose, Sand- oder Salzstein gegeben und dem Meer \u00fcberlassen. Dies geschieht an ausgewiesenen Gebieten der Weltmeere. Vorab muss der<\/p>\n<div class=\"view-full-post\"><a href=\"https:\/\/vorlage.roeser-webseiten.de\/bhp-template-5\/unsere-leistungen\/bestattungen\/\" class=\"view-full-post-btn\">View Full Post<\/a><\/div>\n<p>;<\/p>\n","protected":false},"author":2,"featured_media":0,"parent":217,"menu_order":0,"comment_status":"closed","ping_status":"closed","template":"","meta":{"_et_pb_use_builder":"on","_et_pb_old_content":"","_et_gb_content_width":"","footnotes":""},"class_list":["post-219","page","type-page","status-publish","hentry"],"aioseo_notices":[],"_links":{"self":[{"href":"https:\/\/vorlage.roeser-webseiten.de\/bhp-template-5\/wp-json\/wp\/v2\/pages\/219","targetHints":{"allow":["GET"]}}],"collection":[{"href":"https:\/\/vorlage.roeser-webseiten.de\/bhp-template-5\/wp-json\/wp\/v2\/pages"}],"about":[{"href":"https:\/\/vorlage.roeser-webseiten.de\/bhp-template-5\/wp-json\/wp\/v2\/types\/page"}],"author":[{"embeddable":true,"href":"https:\/\/vorlage.roeser-webseiten.de\/bhp-template-5\/wp-json\/wp\/v2\/users\/2"}],"replies":[{"embeddable":true,"href":"https:\/\/vorlage.roeser-webseiten.de\/bhp-template-5\/wp-json\/wp\/v2\/comments?post=219"}],"version-history":[{"count":4,"href":"https:\/\/vorlage.roeser-webseiten.de\/bhp-template-5\/wp-json\/wp\/v2\/pages\/219\/revisions"}],"predecessor-version":[{"id":1013,"href":"https:\/\/vorlage.roeser-webseiten.de\/bhp-template-5\/wp-json\/wp\/v2\/pages\/219\/revisions\/1013"}],"up":[{"embeddable":true,"href":"https:\/\/vorlage.roeser-webseiten.de\/bhp-template-5\/wp-json\/wp\/v2\/pages\/217"}],"wp:attachment":[{"href":"https:\/\/vorlage.roeser-webseiten.de\/bhp-template-5\/wp-json\/wp\/v2\/media?parent=219"}],"curies":[{"name":"wp","href":"https:\/\/api.w.org\/{rel}","templated":true}]}}