{"id":62,"date":"2022-08-26T14:28:59","date_gmt":"2022-08-26T12:28:59","guid":{"rendered":"https:\/\/raumausstattung-glueck.de\/?page_id=62"},"modified":"2025-04-03T16:01:10","modified_gmt":"2025-04-03T14:01:10","slug":"impressum","status":"publish","type":"page","link":"https:\/\/vorlage.roeser-webseiten.de\/bhp-template-2\/impressum\/","title":{"rendered":"Impressum"},"content":{"rendered":"<p>[et_pb_section fb_built=&#8221;1&#8243; _builder_version=&#8221;4.21.0&#8243; _module_preset=&#8221;default&#8221; locked=&#8221;off&#8221; global_colors_info=&#8221;{}&#8221;][et_pb_row _builder_version=&#8221;4.24.2&#8243; _module_preset=&#8221;default&#8221; module_alignment=&#8221;center&#8221; global_colors_info=&#8221;{}&#8221;][et_pb_column type=&#8221;4_4&#8243; _builder_version=&#8221;4.21.0&#8243; _module_preset=&#8221;default&#8221; global_colors_info=&#8221;{}&#8221;][et_pb_text _builder_version=&#8221;4.27.4&#8243; _module_preset=&#8221;default&#8221; hover_enabled=&#8221;0&#8243; global_colors_info=&#8221;{}&#8221; header_font_size=&#8221;40px&#8221; header_font_size_tablet=&#8221;32px&#8221; header_font_size_phone=&#8221;30px&#8221; header_font_size_last_edited=&#8221;on|phone&#8221; header_2_font_size=&#8221;30px&#8221; header_2_font_size_tablet=&#8221;26px&#8221; header_2_font_size_phone=&#8221;24px&#8221; header_2_font_size_last_edited=&#8221;on|phone&#8221; header_3_font=&#8221;|600|||||||&#8221; header_3_font_size=&#8221;30px&#8221; header_3_font_size_tablet=&#8221;26px&#8221; header_3_font_size_phone=&#8221;24px&#8221; header_3_font_size_last_edited=&#8221;on|phone&#8221; header_font=&#8221;|600|||||||&#8221; header_2_font=&#8221;|600|||||||&#8221; sticky_enabled=&#8221;0&#8243; text_line_height=&#8221;1.8em&#8221;]<\/p>\n<h1>Impressum<\/h1>\n<p>Rudolf R\u00f6ser Verlag und Informationsdienste AG<br \/>Fritz-Erler-Stra\u00dfe 25<br \/>76133 Karlsruhe<\/p>\n<p><strong>Vertreten durch:<\/strong><\/p>\n<p>Patrick H\u00fcnemohr, Johannes R\u00f6ser, Robert R\u00f6ser, Annette R\u00f6ser-Letizky<\/p>\n<p><strong>Vorsitzender des Aufsichtsrats:<\/strong><\/p>\n<p>Dr. Michael L\u00fcck<\/p>\n<h2>Kontakt<\/h2>\n<p>Telefon: 0721 \/ 37 19 0<br \/>Telefax: 0721 \/ 37 19 300<br \/>E-Mail: info@roeser-medienhaus.de<\/p>\n<h2>Umsatzsteuer-ID<\/h2>\n<p>Umsatzsteuer-Identifikationsnummer gem\u00e4\u00df \u00a7 27 a Umsatzsteuergesetz:<\/p>\n<p>DE 175 999 802<\/p>\n<h2>Verbraucher\u00adstreit\u00adbeilegung\/Universal\u00adschlichtungs\u00adstelle<\/h2>\n<p>Wir sind nicht bereit oder verpflichtet, an Streitbeilegungsverfahren vor einer Verbraucherschlichtungsstelle teilzunehmen.<\/p>\n<p>[\/et_pb_text][\/et_pb_column][\/et_pb_row][\/et_pb_section][et_pb_section fb_built=&#8221;1&#8243; _builder_version=&#8221;4.21.0&#8243; _module_preset=&#8221;default&#8221; background_color=&#8221;#FCF9F4&#8243; locked=&#8221;off&#8221; global_colors_info=&#8221;{}&#8221;][et_pb_row column_structure=&#8221;1_2,1_2&#8243; _builder_version=&#8221;4.24.2&#8243; _module_preset=&#8221;default&#8221; global_colors_info=&#8221;{}&#8221;][et_pb_column type=&#8221;1_2&#8243; _builder_version=&#8221;4.21.0&#8243; _module_preset=&#8221;default&#8221; global_colors_info=&#8221;{}&#8221;][et_pb_text admin_label=&#8221;Bildnachweis&#8221; _builder_version=&#8221;4.27.4&#8243; _module_preset=&#8221;default&#8221; hover_enabled=&#8221;0&#8243; global_colors_info=&#8221;{}&#8221; header_font_size_tablet=&#8221;32px&#8221; header_font_size_phone=&#8221;30px&#8221; header_font_size_last_edited=&#8221;off|desktop&#8221; header_2_font_size_tablet=&#8221;26px&#8221; header_2_font_size_phone=&#8221;24px&#8221; header_2_font_size_last_edited=&#8221;off|desktop&#8221; header_3_font=&#8221;|600|||||||&#8221; header_3_font_size=&#8221;30px&#8221; header_3_font_size_tablet=&#8221;26px&#8221; header_3_font_size_phone=&#8221;24px&#8221; header_3_font_size_last_edited=&#8221;on|phone&#8221; sticky_enabled=&#8221;0&#8243; text_line_height=&#8221;1.8em&#8221;]<\/p>\n<h3>Bildnachweis:<\/h3>\n<p>Stock-Foto ID: 776998423 | Von <a class=\"mui-19sk0fy-a-underline-inherit-linkContainer\" title=\"Link zur Autorenseite\" href=\"https:\/\/www.shutterstock.com\/g\/Ground+Picture\" target=\"_blank\" rel=\"nofollow noopener\">Ground Picture\/Shutterstock.com<\/a><br \/>Stock-Foto ID: 354527417 | Von <a class=\"mui-19sk0fy-a-underline-inherit-linkContainer\" title=\"Link zur Autorenseite\" href=\"https:\/\/www.shutterstock.com\/g\/Volodymyr+Ivash\" target=\"_blank\" rel=\"nofollow noopener\">IVASHstudio\/Shutterstock.com<\/a><br \/>Stock-Foto ID: 395182768 | Von <a class=\"mui-19sk0fy-a-underline-inherit-linkContainer\" title=\"Link zur Autorenseite\" href=\"https:\/\/www.shutterstock.com\/g\/photobyphotoboy\" target=\"_blank\" rel=\"nofollow noopener\">photobyphotoboy\/Shutterstock.com<\/a><br \/>Stock-Foto ID: 1890819385 | Von <a class=\"mui-19sk0fy-a-underline-inherit-linkContainer\" title=\"Link zur Autorenseite\" href=\"https:\/\/www.shutterstock.com\/g\/newafrica\" target=\"_blank\" rel=\"nofollow noopener\">New Africa\/Shutterstock.com<\/a><br \/>Stock-Foto ID: 1544354144 | Von <a class=\"mui-19sk0fy-a-underline-inherit-linkContainer\" title=\"Link zur Autorenseite\" href=\"https:\/\/www.shutterstock.com\/g\/bruev\" target=\"_blank\" rel=\"nofollow noopener\">Grisha Bruev\/Shutterstock.com<\/a><br \/>Stock-Foto ID: 290146643 | Von <a class=\"mui-19sk0fy-a-underline-inherit-linkContainer\" title=\"Link zur Autorenseite\" href=\"https:\/\/www.shutterstock.com\/g\/stockbroker\" target=\"_blank\" rel=\"nofollow noopener\">Monkey Business Images\/Shutterstock.com<\/a><br \/>Stock-Foto ID: 1198452376 | Von <a class=\"mui-19sk0fy-a-underline-inherit-linkContainer\" title=\"Link zur Autorenseite\" href=\"https:\/\/www.shutterstock.com\/g\/Ground+Picture\" target=\"_blank\" rel=\"nofollow noopener\">Ground Picture\/Shutterstock.com<\/a><br \/>Stock-Foto ID: 1613076421 | Von <a class=\"mui-19sk0fy-a-underline-inherit-linkContainer\" title=\"Link zur Autorenseite\" href=\"https:\/\/www.shutterstock.com\/g\/fizkes\" target=\"_blank\" rel=\"nofollow noopener\">fizkes\/Shutterstock.com<\/a><br \/>Stock-Foto ID: 2127905618 | Von <a class=\"mui-19sk0fy-a-underline-inherit-linkContainer\" title=\"Link zur Autorenseite\" href=\"https:\/\/www.shutterstock.com\/g\/bruev\" target=\"_blank\" rel=\"nofollow noopener\">Grisha Bruev\/Shutterstock.com<\/a><br \/>Stock-Foto ID: 2233790383 | Von <a class=\"mui-19sk0fy-a-underline-inherit-linkContainer\" title=\"Link zur Autorenseite\" href=\"https:\/\/www.shutterstock.com\/g\/aksakalko\" target=\"_blank\" rel=\"nofollow noopener\">BY-_-BY\/Shutterstock.com<\/a><br \/>Stock-Foto ID: 2127905585 | Von <a class=\"mui-19sk0fy-a-underline-inherit-linkContainer\" title=\"Link zur Autorenseite\" href=\"https:\/\/www.shutterstock.com\/g\/bruev\" target=\"_blank\" rel=\"nofollow noopener\">Grisha Bruev\/Shutterstock.com<\/a><br \/>Stock-Foto ID: 2127905597 | Von <a class=\"mui-19sk0fy-a-underline-inherit-linkContainer\" title=\"Link zur Autorenseite\" href=\"https:\/\/www.shutterstock.com\/g\/bruev\" target=\"_blank\" rel=\"nofollow noopener\">Grisha Bruev\/Shutterstock.com<\/a><br \/>Stock-Foto ID: 1859252215 | Von <a class=\"mui-19sk0fy-a-underline-inherit-linkContainer\" title=\"Link zur Autorenseite\" href=\"https:\/\/www.shutterstock.com\/g\/brizmaker\" target=\"_blank\" rel=\"nofollow noopener\">brizmaker\/Shutterstock.com<\/a><br \/>Stock-Foto ID: 2144015893 |<br \/>Von <a class=\"mui-19sk0fy-a-underline-inherit-linkContainer\" title=\"Link zur Autorenseite\" href=\"https:\/\/www.shutterstock.com\/g\/bruev\" target=\"_blank\" rel=\"nofollow noopener\">Grisha Bruev\/Shutterstock.com<\/a><br \/>Stock-Foto ID: 673912882 |<br \/>Von <a class=\"mui-19sk0fy-a-underline-inherit-linkContainer\" title=\"Link zur Autorenseite\" href=\"https:\/\/www.shutterstock.com\/g\/alenkasm\" target=\"_blank\" rel=\"nofollow noopener\">Alena Ozerova\/Shutterstock.com<\/a><br \/>Stock-Foto ID: 715596850 |<br \/>Von <a class=\"mui-19sk0fy-a-underline-inherit-linkContainer\" title=\"Link zur Autorenseite\" href=\"https:\/\/www.shutterstock.com\/g\/alenkasm\" target=\"_blank\" rel=\"nofollow noopener\">Alena Ozerova\/Shutterstock.com<\/a><br \/>Stock-Foto ID: 1379809883 |<br \/>Von <a class=\"mui-19sk0fy-a-underline-inherit-linkContainer\" title=\"Link zur Autorenseite\" href=\"https:\/\/www.shutterstock.com\/g\/Uximetc+pavel\" target=\"_blank\" rel=\"nofollow noopener\">PV productions\/Shutterstock.com<\/a><br \/>Stock-Foto ID: 1762198214 |<br \/>Von <a class=\"mui-19sk0fy-a-underline-inherit-linkContainer\" title=\"Link zur Autorenseite\" href=\"https:\/\/www.shutterstock.com\/g\/Voinalovich\" target=\"_blank\" rel=\"nofollow noopener\">Dmytro Voinalovych\/Shutterstock.com<\/a><br \/>Stock-Foto ID: 2141379911 |<br \/>Von <a class=\"mui-19sk0fy-a-underline-inherit-linkContainer\" title=\"Link zur Autorenseite\" href=\"https:\/\/www.shutterstock.com\/g\/PhotoJuli86\" target=\"_blank\" rel=\"nofollow noopener\">PhotoJuli86\/Shutterstock.com<\/a><br \/>Stock-Foto ID: 2182609325 |<br \/>Von <a class=\"mui-19sk0fy-a-underline-inherit-linkContainer\" title=\"Link zur Autorenseite\" href=\"https:\/\/www.shutterstock.com\/g\/Anikona\" target=\"_blank\" rel=\"nofollow noopener\">AnikonaAnn\/Shutterstock.com<\/a><br \/>Stock Vector ID: 1683856378 |<br \/>Von <a class=\"mui-19sk0fy-a-underline-inherit-linkContainer\" title=\"Link zur Autorenseite\" href=\"https:\/\/www.shutterstock.com\/g\/Denis+Lightman\" target=\"_blank\" rel=\"nofollow noopener\">Denis Lightman\/Shutterstock.com<\/a><\/p>\n<p><a href=\"https:\/\/de.freepik.com\/vektoren-kostenlos\/botanische-blumenillustration_3841623.htm#query=botanische-blumenillustration&amp;position=14&amp;from_view=search&amp;track=sph\">Bild von rawpixel.com<\/a> auf Freepik<\/p>\n<p>[\/et_pb_text][\/et_pb_column][et_pb_column type=&#8221;1_2&#8243; _builder_version=&#8221;4.21.0&#8243; _module_preset=&#8221;default&#8221; global_colors_info=&#8221;{}&#8221;][et_pb_text _builder_version=&#8221;4.23.1&#8243; _module_preset=&#8221;default&#8221; global_colors_info=&#8221;{}&#8221; header_3_font=&#8221;|600|||||||&#8221; header_3_font_size=&#8221;30px&#8221; header_3_font_size_tablet=&#8221;26px&#8221; header_3_font_size_phone=&#8221;24px&#8221; header_3_font_size_last_edited=&#8221;on|phone&#8221; text_line_height=&#8221;1.8em&#8221;]<\/p>\n<h3>Design &amp; Umsetzung<\/h3>\n<p>R\u00f6ser Medienhaus<br \/>Fritz-Erler-Stra\u00dfe 25<br \/>76133 Karlsruhe<\/p>\n<p>Telefon 0721 \/ 37 19 <br \/>Telefax 0721 \/ 37 19 300<br \/><a title=\"E-Mail\" href=\"mailto:info@roeser-medienhaus.de\">info@roeser-medienhaus.de<\/a><br \/><a title=\"Link zur R\u00f6ser Medienhaus Seite\" href=\"https:\/\/www.roeser-medienhaus.de\/\" target=\"_blank\" rel=\"noopener\">www.roeser-medienhaus.de<\/a>\u200b<a title=\"Link zur R\u00f6ser Medienhaus Seite\" href=\"https:\/\/www.roeser-medienhaus.de\/\" target=\"_blank\" rel=\"noopener\"><\/a><\/p>\n<p>[\/et_pb_text][\/et_pb_column][\/et_pb_row][\/et_pb_section]<\/p>\n","protected":false},"excerpt":{"rendered":"<p>Impressum Rudolf R\u00f6ser Verlag und Informationsdienste AGFritz-Erler-Stra\u00dfe 2576133 Karlsruhe Vertreten durch: Patrick H\u00fcnemohr, Johannes R\u00f6ser, Robert R\u00f6ser, Annette R\u00f6ser-Letizky Vorsitzender des Aufsichtsrats: Dr. Michael L\u00fcck Kontakt Telefon: 0721 \/ 37 19 0Telefax: 0721 \/ 37 19 300E-Mail: info@roeser-medienhaus.de Umsatzsteuer-ID Umsatzsteuer-Identifikationsnummer gem\u00e4\u00df \u00a7 27 a Umsatzsteuergesetz: DE 175 999 802 Verbraucher\u00adstreit\u00adbeilegung\/Universal\u00adschlichtungs\u00adstelle Wir sind nicht bereit oder verpflichtet, an Streitbeilegungsverfahren vor einer Verbraucherschlichtungsstelle teilzunehmen.Bildnachweis: Stock-Foto ID: 776998423 | Von Ground Picture\/Shutterstock.comStock-Foto ID: 354527417 | Von IVASHstudio\/Shutterstock.comStock-Foto ID: 395182768 | Von photobyphotoboy\/Shutterstock.comStock-Foto ID: 1890819385 | Von New Africa\/Shutterstock.comStock-Foto ID: 1544354144 | Von Grisha Bruev\/Shutterstock.comStock-Foto ID: 290146643 | Von Monkey Business Images\/Shutterstock.comStock-Foto ID: 1198452376 | Von Ground Picture\/Shutterstock.comStock-Foto ID: 1613076421 | Von fizkes\/Shutterstock.comStock-Foto ID: 2127905618 | Von Grisha Bruev\/Shutterstock.comStock-Foto ID: 2233790383 | Von BY-_-BY\/Shutterstock.comStock-Foto ID: 2127905585 | Von Grisha Bruev\/Shutterstock.comStock-Foto ID: 2127905597 | Von Grisha Bruev\/Shutterstock.comStock-Foto ID: 1859252215 | Von brizmaker\/Shutterstock.comStock-Foto ID: 2144015893 |Von Grisha Bruev\/Shutterstock.comStock-Foto ID: 673912882 |Von Alena Ozerova\/Shutterstock.comStock-Foto ID: 715596850 |Von Alena Ozerova\/Shutterstock.comStock-Foto ID: 1379809883 |Von PV productions\/Shutterstock.comStock-Foto ID: 1762198214 |Von Dmytro Voinalovych\/Shutterstock.comStock-Foto ID: 2141379911 |Von PhotoJuli86\/Shutterstock.comStock-Foto ID: 2182609325 |Von AnikonaAnn\/Shutterstock.comStock Vector ID: 1683856378 |Von Denis Lightman\/Shutterstock.com Bild von rawpixel.com auf FreepikDesign &amp; Umsetzung R\u00f6ser MedienhausFritz-Erler-Stra\u00dfe 2576133 Karlsruhe Telefon 0721 \/ 37 19 Telefax 0721 \/ 37 19 300info@roeser-medienhaus.dewww.roeser-medienhaus.de\u200b<\/p>\n","protected":false},"author":2,"featured_media":0,"parent":0,"menu_order":0,"comment_status":"closed","ping_status":"closed","template":"","meta":{"_et_pb_use_builder":"on","_et_pb_old_content":"","_et_gb_content_width":"","footnotes":""},"class_list":["post-62","page","type-page","status-publish","hentry"],"aioseo_notices":[],"_links":{"self":[{"href":"https:\/\/vorlage.roeser-webseiten.de\/bhp-template-2\/wp-json\/wp\/v2\/pages\/62","targetHints":{"allow":["GET"]}}],"collection":[{"href":"https:\/\/vorlage.roeser-webseiten.de\/bhp-template-2\/wp-json\/wp\/v2\/pages"}],"about":[{"href":"https:\/\/vorlage.roeser-webseiten.de\/bhp-template-2\/wp-json\/wp\/v2\/types\/page"}],"author":[{"embeddable":true,"href":"https:\/\/vorlage.roeser-webseiten.de\/bhp-template-2\/wp-json\/wp\/v2\/users\/2"}],"replies":[{"embeddable":true,"href":"https:\/\/vorlage.roeser-webseiten.de\/bhp-template-2\/wp-json\/wp\/v2\/comments?post=62"}],"version-history":[{"count":2,"href":"https:\/\/vorlage.roeser-webseiten.de\/bhp-template-2\/wp-json\/wp\/v2\/pages\/62\/revisions"}],"predecessor-version":[{"id":1838,"href":"https:\/\/vorlage.roeser-webseiten.de\/bhp-template-2\/wp-json\/wp\/v2\/pages\/62\/revisions\/1838"}],"wp:attachment":[{"href":"https:\/\/vorlage.roeser-webseiten.de\/bhp-template-2\/wp-json\/wp\/v2\/media?parent=62"}],"curies":[{"name":"wp","href":"https:\/\/api.w.org\/{rel}","templated":true}]}}